{"id":56,"date":"2015-07-13T09:04:40","date_gmt":"2015-07-13T06:04:40","guid":{"rendered":"http:\/\/www.savikulma.com\/korvensuu\/?page_id=56"},"modified":"2021-01-21T19:02:03","modified_gmt":"2021-01-21T17:02:03","slug":"elamaa-savikulmalla","status":"publish","type":"page","link":"https:\/\/www.savikulma.com\/korvensuu\/elamaa-savikulmalla\/","title":{"rendered":"El\u00e4m\u00e4\u00e4 Savikulmalla"},"content":{"rendered":"<p><a href=\"https:\/\/www.savikulma.com\/korvensuu\/elamaa-savikulmalla\/huvilaelamaa-hevostallissa\/\">Huvilael\u00e4m\u00e4\u00e4 hevostallissa<\/a>: Huvilahistoriamme alkoi vuonna 2010&#8230;<\/p>\n<p><a href=\"https:\/\/www.savikulma.com\/korvensuu\/elamaa-savikulmalla\/savikulman-puutarha\/\">Savikulman puutarhan tarina<\/a><\/p>\n<p><img loading=\"lazy\" decoding=\"async\" class=\"alignleft wp-image-290 size-full\" title=\"Savikulman sauna Korvensuussa, Laajoen rannalla\" src=\"https:\/\/www.savikulma.com\/korvensuu\/wp-content\/uploads\/2013\/08\/Savikulman-sauna.jpg\" width=\"585\" height=\"300\" srcset=\"https:\/\/www.savikulma.com\/korvensuu\/wp-content\/uploads\/2013\/08\/Savikulman-sauna.jpg 585w, https:\/\/www.savikulma.com\/korvensuu\/wp-content\/uploads\/2013\/08\/Savikulman-sauna-300x154.jpg 300w, https:\/\/www.savikulma.com\/korvensuu\/wp-content\/uploads\/2013\/08\/Savikulman-sauna-500x256.jpg 500w\" sizes=\"auto, (max-width: 585px) 100vw, 585px\" \/><\/p>\n","protected":false},"excerpt":{"rendered":"<p>Huvilael\u00e4m\u00e4\u00e4 hevostallissa: Huvilahistoriamme alkoi vuonna 2010&#8230; Savikulman puutarhan tarina<\/p>\n","protected":false},"author":1,"featured_media":0,"parent":0,"menu_order":1,"comment_status":"open","ping_status":"open","template":"","meta":{"footnotes":""},"class_list":["post-56","page","type-page","status-publish","hentry"],"_links":{"self":[{"href":"https:\/\/www.savikulma.com\/korvensuu\/wp-json\/wp\/v2\/pages\/56","targetHints":{"allow":["GET"]}}],"collection":[{"href":"https:\/\/www.savikulma.com\/korvensuu\/wp-json\/wp\/v2\/pages"}],"about":[{"href":"https:\/\/www.savikulma.com\/korvensuu\/wp-json\/wp\/v2\/types\/page"}],"author":[{"embeddable":true,"href":"https:\/\/www.savikulma.com\/korvensuu\/wp-json\/wp\/v2\/users\/1"}],"replies":[{"embeddable":true,"href":"https:\/\/www.savikulma.com\/korvensuu\/wp-json\/wp\/v2\/comments?post=56"}],"version-history":[{"count":5,"href":"https:\/\/www.savikulma.com\/korvensuu\/wp-json\/wp\/v2\/pages\/56\/revisions"}],"predecessor-version":[{"id":467,"href":"https:\/\/www.savikulma.com\/korvensuu\/wp-json\/wp\/v2\/pages\/56\/revisions\/467"}],"wp:attachment":[{"href":"https:\/\/www.savikulma.com\/korvensuu\/wp-json\/wp\/v2\/media?parent=56"}],"curies":[{"name":"wp","href":"https:\/\/api.w.org\/{rel}","templated":true}]}}